{"id":984,"date":"2023-02-24T01:34:43","date_gmt":"2023-02-24T01:34:43","guid":{"rendered":"https:\/\/sodes-shop.com\/?post_type=product&#038;p=984"},"modified":"2025-11-03T21:09:58","modified_gmt":"2025-11-03T21:09:58","slug":"984","status":"publish","type":"product","link":"https:\/\/sodes-shop.com\/index.php\/product\/984\/","title":{"rendered":"Connecteur RJ45 blind\u00e9 Cat. 6 AWG24"},"content":{"rendered":"<p>Connecteur RJ45 blind\u00e9 \u00e0 sertir pour c\u00e2ble Ethernet cat\u00e9gorie 6.<\/p>\n<p>Ce connecteur \u00e0 sertir permet un raccordement des c\u00e2bles r\u00e9seaux Ethernet aux diff\u00e9rents appareils et prises : switch, box, prises, etc.<\/p>\n<ul>\n<li>section AWG24<\/li>\n<li>insert int\u00e9gr\u00e9<\/li>\n<li>mat\u00e9riaux : polycarbonate (UL94V-0)<\/li>\n<li>contacts : bronze plaqu\u00e9 or<\/li>\n<li>Tenue \u00e9lectrique : 250VAC max \/ 2A max.<\/li>\n<\/ul>\n","protected":false},"excerpt":{"rendered":"<h3>\u00a0Caract\u00e9ristiques :<\/h3>\n<p>Connecteur RJ45 blind\u00e9 Cat. 6 AWG24 avec insert lot de 100<\/p>\n<div>Connecteur RJ45 blind\u00e9 avec insert pour c\u00e2ble Cat\u00e9gorie 6 (l\u2019unit\u00e9).Pour c\u00e2ble de calibre AWG24 uniquement<\/div>\n","protected":false},"featured_media":985,"comment_status":"open","ping_status":"closed","template":"","meta":{"_joinchat":{"message_send":"Bonjour, cet article m'int\u00e9resse https:\/\/sodes-shop.com\/index.php\/product\/984\/"}},"product_cat":[41],"product_tag":[],"_links":{"self":[{"href":"https:\/\/sodes-shop.com\/index.php\/wp-json\/wp\/v2\/product\/984"}],"collection":[{"href":"https:\/\/sodes-shop.com\/index.php\/wp-json\/wp\/v2\/product"}],"about":[{"href":"https:\/\/sodes-shop.com\/index.php\/wp-json\/wp\/v2\/types\/product"}],"replies":[{"embeddable":true,"href":"https:\/\/sodes-shop.com\/index.php\/wp-json\/wp\/v2\/comments?post=984"}],"wp:featuredmedia":[{"embeddable":true,"href":"https:\/\/sodes-shop.com\/index.php\/wp-json\/wp\/v2\/media\/985"}],"wp:attachment":[{"href":"https:\/\/sodes-shop.com\/index.php\/wp-json\/wp\/v2\/media?parent=984"}],"wp:term":[{"taxonomy":"product_cat","embeddable":true,"href":"https:\/\/sodes-shop.com\/index.php\/wp-json\/wp\/v2\/product_cat?post=984"},{"taxonomy":"product_tag","embeddable":true,"href":"https:\/\/sodes-shop.com\/index.php\/wp-json\/wp\/v2\/product_tag?post=984"}],"curies":[{"name":"wp","href":"https:\/\/api.w.org\/{rel}","templated":true}]}}