{"id":970,"date":"2023-02-24T00:29:15","date_gmt":"2023-02-24T00:29:15","guid":{"rendered":"https:\/\/sodes-shop.com\/?post_type=product&#038;p=970"},"modified":"2023-03-08T11:13:55","modified_gmt":"2023-03-08T11:13:55","slug":"970","status":"publish","type":"product","link":"https:\/\/sodes-shop.com\/index.php\/product\/970\/","title":{"rendered":"Baie de brassage 42U"},"content":{"rendered":"<ul>\n<li><strong>Organisateurs de c\u00e2bles verticaux\u00a0<\/strong>avec anneaux sur version largeur 800 mm<\/li>\n<li><strong>Raccordements de la terre rep\u00e9r\u00e9s<\/strong><\/li>\n<li><strong>Porte avant: m\u00e9tal + verre s\u00e9curit, avec serrure\u00a0<\/strong><\/li>\n<li><strong>Porte arri\u00e8re: m\u00e9tal plein, avec serrure<\/strong><\/li>\n<li><strong>Livr\u00e9e avec 2 cl\u00e9s<\/strong><\/li>\n<li><strong>Portes tr\u00e8s facilement d\u00e9montables ( amovible )<\/strong><\/li>\n<li><strong>Passage de cable bas standard et haut \u00e0 balais<\/strong><\/li>\n<li><strong>2 montants 19 pouces avant<\/strong><\/li>\n<li><strong>2 montants 19 pouces arri\u00e8re<\/strong><\/li>\n<li><strong>Roulettes et v\u00e9rins r\u00e9glables fournis<\/strong><\/li>\n<li><strong>Lot de 40 vis\/\u00e9crous cage et l\u2019outil de vissage fournis<\/strong><\/li>\n<li><strong>Kit de mise \u00e0 la terre a commander s\u00e9par\u00e9ment<\/strong><\/li>\n<li><strong>Montants ext\u00e9rieurs<\/strong> : T\u00f4le 1,5 mm ( version 400 Kg ) T\u00f4le 2 mm ( version 800 Kg )<\/li>\n<li><strong>Porte avant<\/strong> : T\u00f4le 1,2 mm perfor\u00e9e, verre s\u00e9curit fum\u00e9 avec serrure.<\/li>\n<li><strong>Ch\u00e2ssis et montant 19\u2033<\/strong> : Acier lamin\u00e9 \u00e0 froid 1,2 mm<\/li>\n<li><strong>Profil\u00e9s d\u2019habillage<\/strong> : T\u00f4le 1,2 mm<\/li>\n<li><strong>Panneaux et porte arri\u00e8re<\/strong> : T\u00f4le 1,2 mm<\/li>\n<li><strong>Conforme avec les normes<\/strong> ANSI\/EIA RS-310-D ; IEC60297-2 ; DIN41494, PART1; DIN41494, PART7<\/li>\n<li><strong>Degr\u00e9 de protection<\/strong> : IP20<\/li>\n<\/ul>\n","protected":false},"excerpt":{"rendered":"<h3>\u00a0Caract\u00e9ristiques :<\/h3>\n<p>Coffret mural permettant d\u2019entreposer des \u00e9quipements r\u00e9seaux tels que : des serveurs, des onduleurs, des Switch etc. Ce rack mural est id\u00e9al pour le stockage d\u2019\u00e9quipement r\u00e9seau ou audiovisuels des faibles densit\u00e9s.<br \/>\nExcellent pour une installation rapide, modulable et s\u00e9curis\u00e9e.<\/p>\n","protected":false},"featured_media":971,"comment_status":"open","ping_status":"closed","template":"","meta":{"_joinchat":{"message_send":"Bonjour, cet article m'int\u00e9resse https:\/\/sodes-shop.com\/index.php\/product\/970\/"}},"product_cat":[42],"product_tag":[],"_links":{"self":[{"href":"https:\/\/sodes-shop.com\/index.php\/wp-json\/wp\/v2\/product\/970"}],"collection":[{"href":"https:\/\/sodes-shop.com\/index.php\/wp-json\/wp\/v2\/product"}],"about":[{"href":"https:\/\/sodes-shop.com\/index.php\/wp-json\/wp\/v2\/types\/product"}],"replies":[{"embeddable":true,"href":"https:\/\/sodes-shop.com\/index.php\/wp-json\/wp\/v2\/comments?post=970"}],"wp:featuredmedia":[{"embeddable":true,"href":"https:\/\/sodes-shop.com\/index.php\/wp-json\/wp\/v2\/media\/971"}],"wp:attachment":[{"href":"https:\/\/sodes-shop.com\/index.php\/wp-json\/wp\/v2\/media?parent=970"}],"wp:term":[{"taxonomy":"product_cat","embeddable":true,"href":"https:\/\/sodes-shop.com\/index.php\/wp-json\/wp\/v2\/product_cat?post=970"},{"taxonomy":"product_tag","embeddable":true,"href":"https:\/\/sodes-shop.com\/index.php\/wp-json\/wp\/v2\/product_tag?post=970"}],"curies":[{"name":"wp","href":"https:\/\/api.w.org\/{rel}","templated":true}]}}