{"id":583,"date":"2023-02-19T13:18:30","date_gmt":"2023-02-19T13:18:30","guid":{"rendered":"https:\/\/sodes-shop.com\/?post_type=product&#038;p=583"},"modified":"2023-03-08T14:45:56","modified_gmt":"2023-03-08T14:45:56","slug":"batterie-150a-h","status":"publish","type":"product","link":"https:\/\/sodes-shop.com\/index.php\/product\/batterie-150a-h\/","title":{"rendered":"BATTERIE 150A\/H"},"content":{"rendered":"<ul>\n<li>Recharge rapide<\/li>\n<li>Haute fiabilit\u00e9, forte \u00e9nergie massique<\/li>\n<li>Batterie au plomb \u00e9tanche VRLA AGM<\/li>\n<li>Technologie plaques planes. Alliage plomb calcium<\/li>\n<li>Sans entretien<\/li>\n<li>Dur\u00e9e de vie &gt;10 ans \u00e0 20\u00b0C ( capacit\u00e9 r\u00e9siduelle \u00e0 80%)<\/li>\n<li>Tr\u00e8s faible auto-d\u00e9charge environ de 3% par mois \u00e0 25\u00b0C. Dur\u00e9e de stockage 6 mois \u00e0 25\u00b0C sans d\u00e9charge.<\/li>\n<li>Recharge rapide<\/li>\n<li>Transport par air, par fer et route sans conditionnement particulier en conformit\u00e9 avec IATA, DGR A67<\/li>\n<li>Produit recyclable<\/li>\n<\/ul>\n","protected":false},"excerpt":{"rendered":"<h3>Caract\u00e9ristiques :<\/h3>\n<p>Sans entretien, technologie AGM<br \/>\nTension nominale : 12 V<br \/>\nCapacit\u00e9 nominale (C20) : 150 Ah<br \/>\nDur\u00e9e de vie : &gt;10 ans \u00e0 20\u00b0C<br \/>\nDimensions : Lxlxh = 552 x 110 x 288 mm<br \/>\nPoids :45 kg<br \/>\nBornes : M8 en face avant (Front Terminal)<br \/>\nTension de maintien de charge :13,6 \u2013 13,8 | VDC \u00e0 25\u00b0C<\/p>\n","protected":false},"featured_media":584,"comment_status":"open","ping_status":"closed","template":"","meta":{"_joinchat":{"message_send":"Bonjour, cet article m'int\u00e9resse https:\/\/sodes-shop.com\/index.php\/product\/batterie-150a-h\/"}},"product_cat":[37,27],"product_tag":[],"_links":{"self":[{"href":"https:\/\/sodes-shop.com\/index.php\/wp-json\/wp\/v2\/product\/583"}],"collection":[{"href":"https:\/\/sodes-shop.com\/index.php\/wp-json\/wp\/v2\/product"}],"about":[{"href":"https:\/\/sodes-shop.com\/index.php\/wp-json\/wp\/v2\/types\/product"}],"replies":[{"embeddable":true,"href":"https:\/\/sodes-shop.com\/index.php\/wp-json\/wp\/v2\/comments?post=583"}],"wp:featuredmedia":[{"embeddable":true,"href":"https:\/\/sodes-shop.com\/index.php\/wp-json\/wp\/v2\/media\/584"}],"wp:attachment":[{"href":"https:\/\/sodes-shop.com\/index.php\/wp-json\/wp\/v2\/media?parent=583"}],"wp:term":[{"taxonomy":"product_cat","embeddable":true,"href":"https:\/\/sodes-shop.com\/index.php\/wp-json\/wp\/v2\/product_cat?post=583"},{"taxonomy":"product_tag","embeddable":true,"href":"https:\/\/sodes-shop.com\/index.php\/wp-json\/wp\/v2\/product_tag?post=583"}],"curies":[{"name":"wp","href":"https:\/\/api.w.org\/{rel}","templated":true}]}}