{"id":551,"date":"2023-02-19T09:46:30","date_gmt":"2023-02-19T09:46:30","guid":{"rendered":"https:\/\/sodes-shop.com\/?post_type=product&#038;p=551"},"modified":"2023-03-09T10:52:44","modified_gmt":"2023-03-09T10:52:44","slug":"panneau-monocristallin-euronet-15ow","status":"publish","type":"product","link":"https:\/\/sodes-shop.com\/index.php\/product\/panneau-monocristallin-euronet-15ow\/","title":{"rendered":"PANNEAU MONOCRISTALLIN EURONET 15OW"},"content":{"rendered":"<ul>\n<li>Puissance maximale : 150 W.<\/li>\n<li>Tension \u00e0 puissance maximum : 17,8 V.<\/li>\n<li>Courant \u00e0 puissance maximum : 8,43 A.<\/li>\n<li>Tension en circuit ouvert :\u00a022,3 V.<\/li>\n<li>Courant de court-circuit : 9,1 A.<\/li>\n<li>Boitier de jonction IP65 au dos du panneau.<\/li>\n<li>Diodes anti-retour int\u00e9gr\u00e9es.<\/li>\n<li>Sorties sur c\u00e2bles de 0m90 \u00e9quip\u00e9s de connecteurs MC4 (M\u00e2le+Femelle)<\/li>\n<li>Dur\u00e9e de vie sup\u00e9rieure \u00e0 25 ans ; garantie 2 Ans.<\/li>\n<li>Puissance de sortie garantie de 90% dans les 10 ans, 80% au del\u00e0.<\/li>\n<li>Dimensions : 1340 x 670 x 35 mm.<\/li>\n<li>Poids : 10,3 kg.<\/li>\n<\/ul>\n","protected":false},"excerpt":{"rendered":"<h3>Caract\u00e9ristiques :<\/h3>\n<p>Panneau solaire 150 W de type monocristallin 12V\u00a0<strong>gamme &#8220;Pro&#8221;<\/strong>\u00a0Pour installations solaires n\u00e9cessaires au fonctionnement d&#8217;\u00e9clairages, d&#8217;une pompe ou de tout autre dispositif se trouvant sur un site isol\u00e9. Dot\u00e9 d&#8217;un verre solaire tr\u00e8s \u00e9pais et d&#8217;un cadre en aluminium. Associez plusieurs de ces panneaux pour constituer l&#8217;installation solaire d&#8217;un ch\u00e2let ou d&#8217;une petite habitation.<\/p>\n","protected":false},"featured_media":565,"comment_status":"open","ping_status":"closed","template":"","meta":{"_joinchat":{"message_send":"Bonjour, cet article m'int\u00e9resse https:\/\/sodes-shop.com\/index.php\/product\/panneau-monocristallin-euronet-15ow\/"}},"product_cat":[27],"product_tag":[],"_links":{"self":[{"href":"https:\/\/sodes-shop.com\/index.php\/wp-json\/wp\/v2\/product\/551"}],"collection":[{"href":"https:\/\/sodes-shop.com\/index.php\/wp-json\/wp\/v2\/product"}],"about":[{"href":"https:\/\/sodes-shop.com\/index.php\/wp-json\/wp\/v2\/types\/product"}],"replies":[{"embeddable":true,"href":"https:\/\/sodes-shop.com\/index.php\/wp-json\/wp\/v2\/comments?post=551"}],"wp:featuredmedia":[{"embeddable":true,"href":"https:\/\/sodes-shop.com\/index.php\/wp-json\/wp\/v2\/media\/565"}],"wp:attachment":[{"href":"https:\/\/sodes-shop.com\/index.php\/wp-json\/wp\/v2\/media?parent=551"}],"wp:term":[{"taxonomy":"product_cat","embeddable":true,"href":"https:\/\/sodes-shop.com\/index.php\/wp-json\/wp\/v2\/product_cat?post=551"},{"taxonomy":"product_tag","embeddable":true,"href":"https:\/\/sodes-shop.com\/index.php\/wp-json\/wp\/v2\/product_tag?post=551"}],"curies":[{"name":"wp","href":"https:\/\/api.w.org\/{rel}","templated":true}]}}