{"id":550,"date":"2023-02-19T09:40:35","date_gmt":"2023-02-19T09:40:35","guid":{"rendered":"https:\/\/sodes-shop.com\/?post_type=product&#038;p=550"},"modified":"2025-11-03T21:20:52","modified_gmt":"2025-11-03T21:20:52","slug":"panneau-monocristallin-euronet-1oow","status":"publish","type":"product","link":"https:\/\/sodes-shop.com\/index.php\/product\/panneau-monocristallin-euronet-1oow\/","title":{"rendered":"PANNEAU MONOCRISTALLIN EURONET 1OOW"},"content":{"rendered":"<ul>\n<li>Puissance maximale : 100 W.<\/li>\n<li>Tension \u00e0 puissance maximum : 17,8 V.<\/li>\n<li>Courant \u00e0 puissance maximum : 5,62 A.<\/li>\n<li>Tension en circuit ouvert : 22,3 V.<\/li>\n<li>Courant de court-circuit : 6,07 A.<\/li>\n<li>Boitier de jonction IP65 au dos du panneau.<\/li>\n<li>Sorties sur c\u00e2bles de 0m90 \u00e9quip\u00e9s de connecteurs MC4 (M\u00e2le+Femelle)<\/li>\n<li>Dur\u00e9e de vie sup\u00e9rieure \u00e0 25 ans ; garantie 2 Ans.<\/li>\n<li>Puissance de sortie garantie de 90% dans les 10 ans, 80% au del\u00e0.<\/li>\n<li>Dimensions : 1200 x 540 x 35 mm.<\/li>\n<li>Poids : 7,5 kg.<\/li>\n<\/ul>\n<p>&nbsp;<\/p>\n<p>&nbsp;<\/p>\n","protected":false},"excerpt":{"rendered":"<div>\n<h3>Caract\u00e9ristiques :<\/h3>\n<p>Panneau solaire 100 W de type monocristallin 12V\u00a0<strong>qualit\u00e9 &#8220;PRO&#8221;<\/strong>.Pour installations solaires n\u00e9cessaires au fonctionnement d&#8217;\u00e9clairages, d&#8217;une pompe ou de tout autre dispositif se trouvant sur un site isol\u00e9. Dot\u00e9 d&#8217;un verre solaire tr\u00e8s \u00e9pais et d&#8217;un cadre en aluminium.\u00a0Ce panneau est \u00e9galement le produit id\u00e9al en apport d&#8217;nergie pour votre camping car ou votre bateau.<\/p>\n<\/div>\n<p>&nbsp;<\/p>\n","protected":false},"featured_media":548,"comment_status":"open","ping_status":"closed","template":"","meta":{"_joinchat":{"message_send":"Bonjour, cet article m'int\u00e9resse https:\/\/sodes-shop.com\/index.php\/product\/panneau-monocristallin-euronet-1oow\/"}},"product_cat":[27],"product_tag":[],"_links":{"self":[{"href":"https:\/\/sodes-shop.com\/index.php\/wp-json\/wp\/v2\/product\/550"}],"collection":[{"href":"https:\/\/sodes-shop.com\/index.php\/wp-json\/wp\/v2\/product"}],"about":[{"href":"https:\/\/sodes-shop.com\/index.php\/wp-json\/wp\/v2\/types\/product"}],"replies":[{"embeddable":true,"href":"https:\/\/sodes-shop.com\/index.php\/wp-json\/wp\/v2\/comments?post=550"}],"wp:featuredmedia":[{"embeddable":true,"href":"https:\/\/sodes-shop.com\/index.php\/wp-json\/wp\/v2\/media\/548"}],"wp:attachment":[{"href":"https:\/\/sodes-shop.com\/index.php\/wp-json\/wp\/v2\/media?parent=550"}],"wp:term":[{"taxonomy":"product_cat","embeddable":true,"href":"https:\/\/sodes-shop.com\/index.php\/wp-json\/wp\/v2\/product_cat?post=550"},{"taxonomy":"product_tag","embeddable":true,"href":"https:\/\/sodes-shop.com\/index.php\/wp-json\/wp\/v2\/product_tag?post=550"}],"curies":[{"name":"wp","href":"https:\/\/api.w.org\/{rel}","templated":true}]}}