{"id":524,"date":"2023-02-19T08:28:01","date_gmt":"2023-02-19T08:28:01","guid":{"rendered":"https:\/\/sodes-shop.com\/?post_type=product&#038;p=524"},"modified":"2023-02-25T18:58:43","modified_gmt":"2023-02-25T18:58:43","slug":"pioneer-ddj-sb3","status":"publish","type":"product","link":"https:\/\/sodes-shop.com\/index.php\/product\/pioneer-ddj-sb3\/","title":{"rendered":"PIONEER-DDJ-SB3"},"content":{"rendered":"<p>Con\u00e7u pour fonctionner directement avec le logiciel Serato DJ Lite, le contr\u00f4leur\u00a0<strong>Pioneer DDJ-SB3 Serato DJ<\/strong>\u00a0fournit 2 canaux de contr\u00f4le des performances DJ et s\u2019appuie sur le succ\u00e8s du contr\u00f4leur SB2 en ajoutant des fonctionnalit\u00e9s avanc\u00e9es telles que Pad Scratch et FX Fade. Le Pad Scratch est engag\u00e9 via les pads de performance et offre huit techniques de scratch distinctes enregistr\u00e9es par DJ Jazzy Jeff. Toute piste jou\u00e9e ou cued sera ray\u00e9e. De plus, la vitesse de scratch est automatiquement adapt\u00e9e au BPM des pistes.<\/p>\n<p>La fonction de fondu FX permet un mixage fluide entre deux pistes. La fonction r\u00e9duit le volume et applique FX \u00e0 une piste en m\u00eame temps. Vous avez le choix entre huit mod\u00e8les d\u2019effets sp\u00e9ciaux, dont deux des types suivants : filtre passe-haut, filtre passe-bas, lecture en boucle et backspin. Les fonctionnalit\u00e9s de performances suppl\u00e9mentaires incluent les fonctions Hot Cue, Loop, Auto-Loop, Roll, Beat Jump, Slicer, Transform et Sampler. Les grandes roues jog en aluminium peuvent \u00eatre activ\u00e9es Dual Deck en appuyant sur un bouton, ce qui permet de contr\u00f4ler, rayer et remonter simultan\u00e9ment deux pistes.<\/p>\n<p>Le panneau central du DDJ-SB3 est une table de mixage \u00e0 2 canaux avec une carte son int\u00e9gr\u00e9e, une horloge \u00e0 faible gigue et un convertisseur num\u00e9rique-analogique hautes performances. Chaque canal dispose d\u2019une garniture, d\u2019un \u00e9galiseur \u00e0 3 bandes, d\u2019un filtre bidirectionnel et d\u2019un fader de niveau. Le Pioneer DDJ-SB3 est aliment\u00e9 par bus et livr\u00e9 avec un c\u00e2ble USB.<\/p>\n","protected":false},"excerpt":{"rendered":"<h3>Principales caract\u00e9ristiques :<\/h3>\n<ul>\n<li>R\u00e9ponse en fr\u00e9quence : 20Hz &#8211; 20kHz<\/li>\n<li>Ratio SN : 90 dB<\/li>\n<li>Carte son : 24 bits \/ 44,1 kHz<\/li>\n<li>Distorsion: &lt; 0,005 % (USB)<\/li>\n<li>Canaux : 2<\/li>\n<li>Commandes de pont : 4<\/li>\n<li>Roue jog: Aluminium durable de 128 mm<\/li>\n<li>Filtre : Filtre passe-haut et passe-bas<\/li>\n<li>Fondu du filtre : Oui<\/li>\n<li>Effets : Moteur FX aliment\u00e9 par iZotope: 10 effets<\/li>\n<li>Signaux chauds : 4<\/li>\n<li>Boucle manuelle : Oui<\/li>\n<li>Boucle automatique : Oui<\/li>\n<li>Entr\u00e9es : 1 micro (1\/4&#8221; jack)<\/li>\n<li>Sorties: 1 x RCA 2 x moniteur casque (jack 1\/4 &#8221;, minipin)<\/li>\n<li>USB: 1 x port USB<\/li>\n<li>Taille: 487 mm x 58,5 mm x 271,2 mm (L x H x P)<\/li>\n<li>Poids: 2,1 kg<\/li>\n<li>Exigences en mati\u00e8re d\u2019alimentation : USB via ordinateur (sortie nominale: 5V DC)<\/li>\n<\/ul>\n","protected":false},"featured_media":530,"comment_status":"open","ping_status":"closed","template":"","meta":{"_joinchat":[]},"product_cat":[25,26],"product_tag":[],"_links":{"self":[{"href":"https:\/\/sodes-shop.com\/index.php\/wp-json\/wp\/v2\/product\/524"}],"collection":[{"href":"https:\/\/sodes-shop.com\/index.php\/wp-json\/wp\/v2\/product"}],"about":[{"href":"https:\/\/sodes-shop.com\/index.php\/wp-json\/wp\/v2\/types\/product"}],"replies":[{"embeddable":true,"href":"https:\/\/sodes-shop.com\/index.php\/wp-json\/wp\/v2\/comments?post=524"}],"wp:featuredmedia":[{"embeddable":true,"href":"https:\/\/sodes-shop.com\/index.php\/wp-json\/wp\/v2\/media\/530"}],"wp:attachment":[{"href":"https:\/\/sodes-shop.com\/index.php\/wp-json\/wp\/v2\/media?parent=524"}],"wp:term":[{"taxonomy":"product_cat","embeddable":true,"href":"https:\/\/sodes-shop.com\/index.php\/wp-json\/wp\/v2\/product_cat?post=524"},{"taxonomy":"product_tag","embeddable":true,"href":"https:\/\/sodes-shop.com\/index.php\/wp-json\/wp\/v2\/product_tag?post=524"}],"curies":[{"name":"wp","href":"https:\/\/api.w.org\/{rel}","templated":true}]}}