{"id":506,"date":"2023-02-18T18:06:49","date_gmt":"2023-02-18T18:06:49","guid":{"rendered":"https:\/\/sodes-shop.com\/?post_type=product&#038;p=506"},"modified":"2025-11-03T21:28:36","modified_gmt":"2025-11-03T21:28:36","slug":"yamaha-mg08","status":"publish","type":"product","link":"https:\/\/sodes-shop.com\/index.php\/product\/yamaha-mg08\/","title":{"rendered":"Yamaha &#8211; MG16"},"content":{"rendered":"<p>Yamaha Vue d&#8217;ensemble de la s\u00e9rie MG : Avec la troisi\u00e8me g\u00e9n\u00e9ration de la s\u00e9rie de m\u00e9langeurs compacts MG, l&#8217;accent a \u00e9t\u00e9 mis sur le meilleur son pour toutes les t\u00e2ches possibles dans les conditions les plus diverses. C&#8217;est pourquoi la s\u00e9rie MG est \u00e9quip\u00e9e exactement des m\u00eames pr\u00e9amplis microphones que nos m\u00e9langeurs haut de gamme professionnels. La fiabilit\u00e9 et les performances \u00e9prouv\u00e9es de la s\u00e9rie de m\u00e9langeurs compacts sont maintenant combin\u00e9es \u00e0 un son tr\u00e8s s\u00e9rieux.<\/p>\n","protected":false},"excerpt":{"rendered":"<h3>Principales caract\u00e9ristiques :<\/h3>\n<ul>\n<li>Console de mixage 16 canaux<\/li>\n<li>10 entr\u00e9es micro, 16 entr\u00e9es ligne (8 mono + 4 st\u00e9r\u00e9o)<\/li>\n<li>4 bus GROUP, 1 bus st\u00e9r\u00e9o<\/li>\n<li>4 Aux<\/li>\n<li>Pr\u00e9amplis micro D-PRE avec circuit Darlington invers\u00e9<\/li>\n<li>2 compresseurs 1-Knob<\/li>\n<li>Att\u00e9nuateur PAD sur les entr\u00e9es mono<\/li>\n<li>Alimentation fant\u00f4me +48V<\/li>\n<li>Sorties XLR et Jack sym\u00e9triques<\/li>\n<li>Alimentation interne universelle<\/li>\n<li>Kit de montage en rack inclus<\/li>\n<li>Ch\u00e2ssis m\u00e9tallique r\u00e9sistant<\/li>\n<li>Dimensions (LxHxP): 444 mm x 130 mm x 500 mm<\/li>\n<li>Poids net: 6.6 kg<\/li>\n<\/ul>\n","protected":false},"featured_media":508,"comment_status":"open","ping_status":"closed","template":"","meta":{"_joinchat":[]},"product_cat":[25,26],"product_tag":[],"_links":{"self":[{"href":"https:\/\/sodes-shop.com\/index.php\/wp-json\/wp\/v2\/product\/506"}],"collection":[{"href":"https:\/\/sodes-shop.com\/index.php\/wp-json\/wp\/v2\/product"}],"about":[{"href":"https:\/\/sodes-shop.com\/index.php\/wp-json\/wp\/v2\/types\/product"}],"replies":[{"embeddable":true,"href":"https:\/\/sodes-shop.com\/index.php\/wp-json\/wp\/v2\/comments?post=506"}],"wp:featuredmedia":[{"embeddable":true,"href":"https:\/\/sodes-shop.com\/index.php\/wp-json\/wp\/v2\/media\/508"}],"wp:attachment":[{"href":"https:\/\/sodes-shop.com\/index.php\/wp-json\/wp\/v2\/media?parent=506"}],"wp:term":[{"taxonomy":"product_cat","embeddable":true,"href":"https:\/\/sodes-shop.com\/index.php\/wp-json\/wp\/v2\/product_cat?post=506"},{"taxonomy":"product_tag","embeddable":true,"href":"https:\/\/sodes-shop.com\/index.php\/wp-json\/wp\/v2\/product_tag?post=506"}],"curies":[{"name":"wp","href":"https:\/\/api.w.org\/{rel}","templated":true}]}}