{"id":500,"date":"2023-02-18T17:46:14","date_gmt":"2023-02-18T17:46:14","guid":{"rendered":"https:\/\/sodes-shop.com\/?post_type=product&#038;p=500"},"modified":"2025-11-03T21:15:04","modified_gmt":"2025-11-03T21:15:04","slug":"console-non-amplifier-mg06","status":"publish","type":"product","link":"https:\/\/sodes-shop.com\/index.php\/product\/console-non-amplifier-mg06\/","title":{"rendered":"Yamaha -MG06"},"content":{"rendered":"<p>La Yamaha MG06 est une console de mixage compacte six entres pour les petites repr\u00e9sentations, les conf\u00e9rences, les enregistrements et autres applications similaires. Le mixeur analogique dispose de deux entres micro\/ligne sur prises combo XLR\/Jack avec pramplis micro D-PRE ainsi que de deux entres stro niveau ligne en Jack 6,3mm, avec contrle de niveau.<\/p>\n<p>Chacune des deux entre micro\/ligne est \u00e9quip\u00e9 d&#8217;un \u00e9galiseur 2 bandes et d&#8217;un filtre passe-haut. Les pramplis micro D-PRE sont dots d&#8217;un circuit Darlington invers et d&#8217;une alimentation fant\u00f4me 48V commutable pour une utilisation avec des micros dynamiques et condensateur. Ils sont \u00e9galement dots de pads d&#8217;att\u00e9nuation de 26 dB chacun pour l&#8217;enregistrement de sources sonores fortes telles que les amplis de guitare.<\/p>\n<p>Le mixeur Yamaha MG06 est \u00e9quip\u00e9 d&#8217;un XLR stro et de sorties Jack 6,3mm pour la connexion votre syst\u00e8me de sonorisation ou vos haut-parleurs. Il dispose \u00e9galement d&#8217;une sortie casque Jack 6,3mm avec contr\u00f4le de niveau pour le monitoring personnel.<\/p>\n","protected":false},"excerpt":{"rendered":"<h3>Principales caract\u00e9ristiques :<\/h3>\n<ul>\n<li>YAMAHA MG06<\/li>\n<li>Console analogique<\/li>\n<li>6 canaux<\/li>\n<li>2 pr\u00e9amplis micros classe A D PRE avec circuit Darlington invers\u00e9<\/li>\n<li>Alimentation phantom +48V : commutable sur canaux 1 et 2<\/li>\n<li>6 entr\u00e9es de niveau ligne (2 mono + 2 st\u00e9r\u00e9o)<\/li>\n<li>1 entr\u00e9e Aux<\/li>\n<li>1 bus st\u00e9r\u00e9o<\/li>\n<li>Sortie casque<\/li>\n<li>\u00c9galiseur 2 bandes : canaux 1 et 2 (2 bandes)<\/li>\n<li>Pad att\u00e9nuateur de 26dB sur les entr\u00e9es mono<\/li>\n<li>Filtre passe haut (HPF) : 80 Hz, 12 dB\/oct (Mono)<\/li>\n<li>Compresseurs 1 Knob<\/li>\n<li>Entr\u00e9es XLR\/jack 6,35 mm TRS<\/li>\n<li>Sorties sym\u00e9triques XLR<\/li>\n<li>VU m\u00e8tre LED \u00e0 2 x 7 segments : PEAK, +6, +3, 0, 3, 10, 20 dB<\/li>\n<li>Ch\u00e2ssis m\u00e9tallique<\/li>\n<li>Dimensions : 149 x 62 x 202 mm<\/li>\n<li>Poids : 0.9 kgs<\/li>\n<li>Consommation 12 watts<\/li>\n<li>Consommation 12 watts<\/li>\n<li>Adaptateur secteur inclus<\/li>\n<li>Peut \u00eatre mont\u00e9e sur pied de micro via l&#8217;adaptateur BMS 10A (non inclus)<\/li>\n<li>Non Rackable<\/li>\n<\/ul>\n","protected":false},"featured_media":501,"comment_status":"open","ping_status":"closed","template":"","meta":{"_joinchat":[]},"product_cat":[25,26],"product_tag":[],"_links":{"self":[{"href":"https:\/\/sodes-shop.com\/index.php\/wp-json\/wp\/v2\/product\/500"}],"collection":[{"href":"https:\/\/sodes-shop.com\/index.php\/wp-json\/wp\/v2\/product"}],"about":[{"href":"https:\/\/sodes-shop.com\/index.php\/wp-json\/wp\/v2\/types\/product"}],"replies":[{"embeddable":true,"href":"https:\/\/sodes-shop.com\/index.php\/wp-json\/wp\/v2\/comments?post=500"}],"wp:featuredmedia":[{"embeddable":true,"href":"https:\/\/sodes-shop.com\/index.php\/wp-json\/wp\/v2\/media\/501"}],"wp:attachment":[{"href":"https:\/\/sodes-shop.com\/index.php\/wp-json\/wp\/v2\/media?parent=500"}],"wp:term":[{"taxonomy":"product_cat","embeddable":true,"href":"https:\/\/sodes-shop.com\/index.php\/wp-json\/wp\/v2\/product_cat?post=500"},{"taxonomy":"product_tag","embeddable":true,"href":"https:\/\/sodes-shop.com\/index.php\/wp-json\/wp\/v2\/product_tag?post=500"}],"curies":[{"name":"wp","href":"https:\/\/api.w.org\/{rel}","templated":true}]}}