{"id":462,"date":"2023-02-17T10:20:01","date_gmt":"2023-02-17T10:20:01","guid":{"rendered":"https:\/\/sodes-shop.com\/?post_type=product&#038;p=462"},"modified":"2025-11-03T21:13:19","modified_gmt":"2025-11-03T21:13:19","slug":"caisse-amplifier-srx715","status":"publish","type":"product","link":"https:\/\/sodes-shop.com\/index.php\/product\/caisse-amplifier-srx715\/","title":{"rendered":"CAISSE AMPLIFIER SRX715"},"content":{"rendered":"<p>Haut-parleur bidirectionnel haute puissance de 15 po<\/p>\n<p>Le SRX715 offre le plus haut niveau de performance disponible \u00e0 partir d\u2019un haut-parleur portable, montable sur poteau ou sur tr\u00e9pied.<\/p>\n<ul>\n<li>L\u00e9ger et tr\u00e8s haute puissance.<\/li>\n<li>Couverture 75\u00b0x 50\u00b0.<\/li>\n<li>Fonctionnement passif bi-amplifi\u00e9 ou \u00e0 pleine gamme.<\/li>\n<li>Prise polaire bi-angle pour les applications n\u00e9cessitant un montage sur tr\u00e9pied.<\/li>\n<li>Version volante disponible (SRX715F) avec cinq points de suspension. Peut \u00eatre utilis\u00e9 avec des boulons \u00e0 \u0153il M10 en option ou des raccords de chenilles amovibles.<\/li>\n<li>Woofer diff\u00e9rentiel avec aimant en n\u00e9odyme pour une capacit\u00e9 de puissance \u00e9lev\u00e9e et tr\u00e8s l\u00e9ger.<sup>\u00ae<\/sup><\/li>\n<li>3 po (bobine vocale) pilote de compression avec aimant en n\u00e9odyme.<\/li>\n<\/ul>\n","protected":false},"excerpt":{"rendered":"<h3>Principales caract\u00e9ristiques :<\/h3>\n<ul>\n<li>Puissance nominale 500 W<\/li>\n<li>Gamme de fr\u00e9quences 40 Hz \u2013 20 kHz (-10 dB)<\/li>\n<li>Dimensions\u00a0 (H x L x P) : 711 mm x 439 mm x 406 mm (28 po x 17,3 po x 16 po)<\/li>\n<li>R\u00e9ponse en fr\u00e9quence 53 Hz \u2013 20 kHz (\u00b13 dB)<\/li>\n<li>Mod\u00e8le de couverture 75\u00ba x 50\u00ba nominal<\/li>\n<li>Poids net 22 kg (48 lb)<\/li>\n<\/ul>\n","protected":false},"featured_media":465,"comment_status":"open","ping_status":"closed","template":"","meta":{"_joinchat":[]},"product_cat":[25,26],"product_tag":[],"_links":{"self":[{"href":"https:\/\/sodes-shop.com\/index.php\/wp-json\/wp\/v2\/product\/462"}],"collection":[{"href":"https:\/\/sodes-shop.com\/index.php\/wp-json\/wp\/v2\/product"}],"about":[{"href":"https:\/\/sodes-shop.com\/index.php\/wp-json\/wp\/v2\/types\/product"}],"replies":[{"embeddable":true,"href":"https:\/\/sodes-shop.com\/index.php\/wp-json\/wp\/v2\/comments?post=462"}],"wp:featuredmedia":[{"embeddable":true,"href":"https:\/\/sodes-shop.com\/index.php\/wp-json\/wp\/v2\/media\/465"}],"wp:attachment":[{"href":"https:\/\/sodes-shop.com\/index.php\/wp-json\/wp\/v2\/media?parent=462"}],"wp:term":[{"taxonomy":"product_cat","embeddable":true,"href":"https:\/\/sodes-shop.com\/index.php\/wp-json\/wp\/v2\/product_cat?post=462"},{"taxonomy":"product_tag","embeddable":true,"href":"https:\/\/sodes-shop.com\/index.php\/wp-json\/wp\/v2\/product_tag?post=462"}],"curies":[{"name":"wp","href":"https:\/\/api.w.org\/{rel}","templated":true}]}}