{"id":450,"date":"2023-02-17T09:16:19","date_gmt":"2023-02-17T09:16:19","guid":{"rendered":"https:\/\/sodes-shop.com\/?post_type=product&#038;p=450"},"modified":"2025-11-03T21:26:07","modified_gmt":"2025-11-03T21:26:07","slug":"truth-audiofanzine-b2031a","status":"publish","type":"product","link":"https:\/\/sodes-shop.com\/index.php\/product\/truth-audiofanzine-b2031a\/","title":{"rendered":"TRUTH AUDIOFANZINE B2031A"},"content":{"rendered":"<p class=\"fx-text fx-text--plus\">Le TRUTH B2031A est la version am\u00e9lior\u00e9e du best-seller B2031. Avec le B2031A, nous avons d\u00e9velopp\u00e9 un moniteur de studio actif 2 voies avec XLR et prises sym\u00e9triques 1\/4 \u00ab\u00a0TRS, qui fournit un son neutre et une r\u00e9ponse en fr\u00e9quence lin\u00e9aire (50 Hz &#8211; 21 kHz). Ses amplificateurs de puissance int\u00e9gr\u00e9s de 150 et 75 watts ont de bonnes r\u00e9serves de puissance et un limiteur contr\u00f4l\u00e9 s\u00e9par\u00e9ment pour les basses et les aigus.<\/p>\n<p class=\"fx-text fx-text--plus\">Un haut-parleur de basses longue course de 8,75 pouces avec une membrane sp\u00e9ciale en polypropyl\u00e8ne assure des basses pr\u00e9cises et profondes. La reproduction d\u00e9taill\u00e9e de la gamme de fr\u00e9quences sup\u00e9rieures est assur\u00e9e par un tweeter refroidi par ferrofluide. La technologie de guide d\u2019ondes de Behringer, ainsi qu\u2019un balayage actif de fr\u00e9quence avec des filtres Linkwitz-Riley de quatri\u00e8me ordre, garantissent une lin\u00e9arit\u00e9 de phase, des caract\u00e9ristiques de dispersion exceptionnelles, une excellente reproduction d\u2019image st\u00e9r\u00e9o et un large \u00ab sweet spot \u00bb.<\/p>\n<p class=\"fx-text fx-text--plus\">Le B2031A peut \u00eatre adapt\u00e9 \u00e0 divers environnements acoustiques et subwoofers. Le blindage magn\u00e9tique permet une installation \u00e0 proximit\u00e9 imm\u00e9diate des \u00e9crans. Tous les moniteurs TRUTH sont livr\u00e9s sous forme de paires st\u00e9r\u00e9o assorties \u00e0 la main.<\/p>\n","protected":false},"excerpt":{"rendered":"<h3>Principales caract\u00e9ristiques :<\/h3>\n<ul class=\"fx-list product-text__list\">\n<li class=\"fx-list__item list-item fx-list__item--circle\"><span class=\"fx-text fx-text--plus list-item__text\">R\u00e9ponse en fr\u00e9quence ultra-lin\u00e9aire de 50 Hz \u00e0 21 kHz avec diagrammes de fr\u00e9quence individuels<\/span><\/li>\n<li class=\"fx-list__item list-item fx-list__item--circle\"><span class=\"fx-text fx-text--plus list-item__text\">Module bi-ampli int\u00e9gr\u00e9 de 265 watts avec une \u00e9norme r\u00e9serve de marche<\/span><\/li>\n<li class=\"fx-list__item list-item fx-list__item--circle\"><span class=\"fx-text fx-text--plus list-item__text\">Tweeter refroidi par ferrofluide ultra-haute r\u00e9solution<\/span><\/li>\n<li class=\"fx-list__item list-item fx-list__item--circle\"><span class=\"fx-text fx-text--plus list-item__text\">Woofer \u00e0 longue focale de 8 &lt;&gt;\/&lt;&gt;\u00a0\u00bb avec membrane sp\u00e9ciale en polypropyl\u00e8ne et ch\u00e2ssis moul\u00e9 sous pression en aluminium r\u00e9sistant \u00e0 la d\u00e9formation<\/span><\/li>\n<li class=\"fx-list__item list-item fx-list__item--circle\"><span class=\"fx-text fx-text--plus list-item__text\">Caract\u00e9ristiques de dispersion contr\u00f4l\u00e9e et \u00ab sweet spot \u00bb extr\u00eamement important gr\u00e2ce \u00e0 la technologie unique de guide d\u2019ondes BEHRINGER<\/span><\/li>\n<li class=\"fx-list__item list-item fx-list__item--circle\"><span class=\"fx-text fx-text--plus list-item__text\">R\u00e9seau crois\u00e9 actif avec filtres Linkwitz-Riley de 4e ordre<\/span><\/li>\n<li class=\"fx-list__item list-item fx-list__item--circle\"><span class=\"fx-text fx-text--plus list-item__text\">R\u00e9glable \u00e0 une large gamme de conditions acoustiques et au fonctionnement du caisson de basses<\/span><\/li>\n<li class=\"fx-list__item list-item fx-list__item--circle\"><span class=\"fx-text fx-text--plus list-item__text\">Limiteur contr\u00f4l\u00e9 s\u00e9par\u00e9ment pour la protection contre les surcharges \u00e0 basse et haute fr\u00e9quence<\/span><\/li>\n<li class=\"fx-list__item list-item fx-list__item--circle\"><span class=\"fx-text fx-text--plus list-item__text\">Mode veille automatique (d\u00e9faite)<\/span><\/li>\n<li class=\"fx-list__item list-item fx-list__item--circle\"><span class=\"fx-text fx-text--plus list-item__text\">Le blindage magn\u00e9tique permet de placer pr\u00e8s des \u00e9crans d\u2019ordinateur<\/span><\/li>\n<li class=\"fx-list__item list-item fx-list__item--circle\"><span class=\"fx-text fx-text--plus list-item__text\">Entr\u00e9es servosym\u00e9triques avec connecteurs XLR et 1\/4\u00a0\u00bb TRS<\/span><\/li>\n<li class=\"fx-list__item list-item fx-list__item--circle\"><span class=\"fx-text fx-text--plus list-item__text\">Mesures (L x H x P): 250 x 400 x 290 mm<\/span><\/li>\n<li class=\"fx-list__item list-item fx-list__item--circle\"><span class=\"fx-text fx-text--plus list-item__text\">Poids: env. 15 kg<\/span><\/li>\n<\/ul>\n","protected":false},"featured_media":453,"comment_status":"open","ping_status":"closed","template":"","meta":{"_joinchat":[]},"product_cat":[25,26],"product_tag":[],"_links":{"self":[{"href":"https:\/\/sodes-shop.com\/index.php\/wp-json\/wp\/v2\/product\/450"}],"collection":[{"href":"https:\/\/sodes-shop.com\/index.php\/wp-json\/wp\/v2\/product"}],"about":[{"href":"https:\/\/sodes-shop.com\/index.php\/wp-json\/wp\/v2\/types\/product"}],"replies":[{"embeddable":true,"href":"https:\/\/sodes-shop.com\/index.php\/wp-json\/wp\/v2\/comments?post=450"}],"wp:featuredmedia":[{"embeddable":true,"href":"https:\/\/sodes-shop.com\/index.php\/wp-json\/wp\/v2\/media\/453"}],"wp:attachment":[{"href":"https:\/\/sodes-shop.com\/index.php\/wp-json\/wp\/v2\/media?parent=450"}],"wp:term":[{"taxonomy":"product_cat","embeddable":true,"href":"https:\/\/sodes-shop.com\/index.php\/wp-json\/wp\/v2\/product_cat?post=450"},{"taxonomy":"product_tag","embeddable":true,"href":"https:\/\/sodes-shop.com\/index.php\/wp-json\/wp\/v2\/product_tag?post=450"}],"curies":[{"name":"wp","href":"https:\/\/api.w.org\/{rel}","templated":true}]}}