{"id":177,"date":"2023-02-13T10:19:43","date_gmt":"2023-02-13T10:19:43","guid":{"rendered":"https:\/\/sodes-shop.com\/?post_type=product&#038;p=177"},"modified":"2023-02-14T09:48:09","modified_gmt":"2023-02-14T09:48:09","slug":"bullet-ds-2cd1053g0-i","status":"publish","type":"product","link":"https:\/\/sodes-shop.com\/index.php\/product\/bullet-ds-2cd1053g0-i\/","title":{"rendered":"BULLET-DS-2CD1053G0-I"},"content":{"rendered":"<p>La mini cam\u00e9ra mini de vid\u00e9osurveillance de s\u00e9curit\u00e9 HIK Vision\u00a0DS-2CD1053G0-I\u00a0\u00a0ultra compacte est \u00e9quip\u00e9e d&#8217;une\u00a0lentille 2,8mm\u00a0(grand angle), Starlight, et d&#8217;une d\u00e9tection de mouvement. Elle pr\u00e9sente chaque d\u00e9tail d&#8217;image vid\u00e9o en\u00a0r\u00e9solution\u00a0QHD gr\u00e2ce \u00e0 son capteur 5MP de haute qualit\u00e9.<\/p>\n<p>La technologie innovante IP offre une grande compatibilit\u00e9 avec tout enregistreur num\u00e9rique IP. Ses LEDs infrarouges de hautes puissances permettent une vision claire m\u00eame dans le noir, ainsi vous pouvez surveiller vos biens depuis votre smartphone de jour comme de nuit.<\/p>\n<p>Facile \u00e0 installer, la cam\u00e9ra mini d\u00f4me est orientable permettant d&#8217;\u00eatre fix\u00e9 \u00e0 la verticale sur un mur ou horizontale sur le plafond en int\u00e9rieur ou en ext\u00e9rieur (class\u00e9 IP67).<\/p>\n","protected":false},"excerpt":{"rendered":"<p><strong>\u00a0 \u00a0 \u00a0 \u00a0 Caracteristique<\/strong><\/p>\n<ul>\n<li>Mod\u00e8le : HIK Vision\u00a0DS-2CD1053G0-I<\/li>\n<li>Capteur d&#8217;image : 1\/2.7\u201d 5Megapixel progresive CMOS<\/li>\n<li>Sensibilit\u00e9 : 0.03Lux\/F2.0( Color,1\/3s,30IRE) 0.03Lux\/F2.0( Color,1\/3s,30IRE) 0.3Lux\/2.0( Color,1\/30s,30IRE) 0Lux\/F2.0(IR on)<\/li>\n<li>Fr\u00e9quence d\u2019images : Main Stream: 2592 \u00d7 1944 (1 fps-20 fps)\/2688 \u00d7 1520 (1 fps-25\/30 fps)<\/li>\n<li>Capteur : 5MP<\/li>\n<li>Angle de vue:\u00a0103.0\u00b0<\/li>\n<li>Jour \/ Nuit : OUI, IR-LED<\/li>\n<li>Distance IR : Max. 30m<\/li>\n<li>Function: Motion detection, Video tampering, Scene changing, Network disconnection, Ip address conflict, Illegal access, Storage anomaly, Tripwire, Intrusion<\/li>\n<li>Compensation contre-jour : DWDR<\/li>\n<li>Noise Reduction : 3D DNR<\/li>\n<li>Interface : IP<\/li>\n<li>Connectique:\u00a0RJ45<\/li>\n<li>D\u00e9tection mouvement: oui (voir le mod\u00e8le d&#8217;enregistreur)<\/li>\n<li>Fixation: horizontal ou vertical<\/li>\n<li>Compression Audio : Non<\/li>\n<li>Alarme entr\u00e9e \/ sortie : Non<\/li>\n<\/ul>\n","protected":false},"featured_media":178,"comment_status":"open","ping_status":"closed","template":"","meta":{"_joinchat":[]},"product_cat":[18,17],"product_tag":[],"_links":{"self":[{"href":"https:\/\/sodes-shop.com\/index.php\/wp-json\/wp\/v2\/product\/177"}],"collection":[{"href":"https:\/\/sodes-shop.com\/index.php\/wp-json\/wp\/v2\/product"}],"about":[{"href":"https:\/\/sodes-shop.com\/index.php\/wp-json\/wp\/v2\/types\/product"}],"replies":[{"embeddable":true,"href":"https:\/\/sodes-shop.com\/index.php\/wp-json\/wp\/v2\/comments?post=177"}],"wp:featuredmedia":[{"embeddable":true,"href":"https:\/\/sodes-shop.com\/index.php\/wp-json\/wp\/v2\/media\/178"}],"wp:attachment":[{"href":"https:\/\/sodes-shop.com\/index.php\/wp-json\/wp\/v2\/media?parent=177"}],"wp:term":[{"taxonomy":"product_cat","embeddable":true,"href":"https:\/\/sodes-shop.com\/index.php\/wp-json\/wp\/v2\/product_cat?post=177"},{"taxonomy":"product_tag","embeddable":true,"href":"https:\/\/sodes-shop.com\/index.php\/wp-json\/wp\/v2\/product_tag?post=177"}],"curies":[{"name":"wp","href":"https:\/\/api.w.org\/{rel}","templated":true}]}}