{"id":1179,"date":"2023-02-25T22:42:09","date_gmt":"2023-02-25T22:42:09","guid":{"rendered":"https:\/\/sodes-shop.com\/?post_type=product&#038;p=1179"},"modified":"2023-03-06T11:24:19","modified_gmt":"2023-03-06T11:24:19","slug":"ds-7232hqhi-k2","status":"publish","type":"product","link":"https:\/\/sodes-shop.com\/index.php\/product\/ds-7232hqhi-k2\/","title":{"rendered":"DS-7232HQHI-K2"},"content":{"rendered":"<ul>\n<li class=\"tech-specs-items-description-list bullet-arrow\"><span class=\"tech-specs-items-description__title\">Compression vid\u00e9o:\u00a0<\/span>H.265 Pro + \/ H.265 Pro \/ H.265 \/ H.264\u00a0<span class=\"tech-specs-items-description__title-details\">+ \/ H.264<\/span><\/li>\n<li class=\"tech-specs-items-description-list bullet-arrow\"><span class=\"tech-specs-items-description__title\">R\u00e9solution d\u2019encodage<\/span>: Lorsque le mode 1080p lite n\u2019est pas activ\u00e9:, 4 MP lite \/ 3 MP \/ 1080p \/ 720p \/ VGA \/ WD1 \/ 4CIF \/ CIF, lorsque le mode 1080p\u00a0<span class=\"tech-specs-items-description__title-details\">Lite est activ\u00e9:, 4 MP lite \/ 3 MP \/ 1080p lite \/ 720p lite \/ VGA \/ WD1 \/ 4CIF \/ CIF,<\/span><\/li>\n<li class=\"tech-specs-items-description-list bullet-arrow\"><span class=\"tech-specs-items-description__title\">Images par seconde<\/span>: Transmission principale:, Lorsque le mode 1080p Lite n\u2019est pas activ\u00e9:, Pour l\u2019acc\u00e8s au streaming 4MP:, 4MP lite \u00e0 15fps; 1080p lite \/ 720p \/ WD1 \/ 4CIF \/ VGA \/ CIF@25fps (P) \/ 30fps (N), Pour l\u2019acc\u00e8s au streaming 3MP: 3MP \/ 1080p\u00a0<span class=\"tech-specs-items-description__title-details\">\/ 720p \/ VGA \/ WD1 \/ 4CIF \/ CIF@15fps, Pour l\u2019acc\u00e8s au streaming 1080p:, 1080p\/720p \u00e0 15 ips ; VGA \/ WD1 \/ 4CIF \/ CIF @ 25fps (P) \/ 30fps (N), Pour acc\u00e9der \u00e0 la transmission 720p: 720p \/ VGA \/ WD1 \/ 4CIF \/ CIF @ 25fps (P) \/ 30fps (N), Lorsque le mode 1080p Lite activ\u00e9: , 4 MP lite \/ 3 MP \u00e0 15fps; 1080p lite \/ 720p lite \/ VGA \/ WD1 \/ 4CIF \/ CIF \u00e0 25 ips (P) \/ 30 fps (N), Sous-transmission: , WD1 \/ 4CIF \u00e0 12 ips; CIF \u00e0 25 ips (P) \/ 30 ips (N),<\/span><\/li>\n<li class=\"tech-specs-items-description-list bullet-arrow\"><span class=\"tech-specs-items-description__title\">D\u00e9bit vid\u00e9o :\u00a0<\/span><span class=\"tech-specs-items-description__title-details\">32 Kbits\/s \u00e0 6 Mbit\/s<\/span><\/li>\n<li class=\"tech-specs-items-description-list bullet-arrow\"><span class=\"tech-specs-items-description__title\">Double flux : pris en charge<\/span><\/li>\n<li class=\"tech-specs-items-description-list bullet-arrow\"><span class=\"tech-specs-items-description__title\">Type de flux:\u00a0<\/span>vid\u00e9o<span class=\"tech-specs-items-description__title-details\">, vid\u00e9o et audio<\/span><\/li>\n<li class=\"tech-specs-items-description-list bullet-arrow\"><span class=\"tech-specs-items-description__title\">Compression audio:\u00a0<\/span><span class=\"tech-specs-items-description__title-details\">G.711U<\/span><\/li>\n<\/ul>\n","protected":false},"excerpt":{"rendered":"<h3>caract\u00e9ristiques :<\/h3>\n<ul>\n<li>NUM\u00c9RO DE MOD\u00c8LE: DS-7108HUHI-K1<\/li>\n<li>32 canaux et 2 disques durs DVR 1U<\/li>\n<li>Technologie de compression H.265 pro+ efficace<\/li>\n<li>Capacit\u00e9 d\u2019encodage jusqu\u2019\u00e0 1080p @ 15 fps<\/li>\n<li>5 signaux d\u2019entr\u00e9e adaptative (HDTVI\/AHD\/CVI\/CVBS\/IP)<\/li>\n<li>Jusqu\u2019\u00e0 40 cam\u00e9ras r\u00e9seau peuvent \u00eatre connect\u00e9es<\/li>\n<\/ul>\n","protected":false},"featured_media":1182,"comment_status":"open","ping_status":"closed","template":"","meta":{"_joinchat":{"message_send":"Bonjour, cet article m'int\u00e9resse https:\/\/sodes-shop.com\/index.php\/product\/ds-7232hqhi-k2\/"}},"product_cat":[52,17],"product_tag":[],"_links":{"self":[{"href":"https:\/\/sodes-shop.com\/index.php\/wp-json\/wp\/v2\/product\/1179"}],"collection":[{"href":"https:\/\/sodes-shop.com\/index.php\/wp-json\/wp\/v2\/product"}],"about":[{"href":"https:\/\/sodes-shop.com\/index.php\/wp-json\/wp\/v2\/types\/product"}],"replies":[{"embeddable":true,"href":"https:\/\/sodes-shop.com\/index.php\/wp-json\/wp\/v2\/comments?post=1179"}],"wp:featuredmedia":[{"embeddable":true,"href":"https:\/\/sodes-shop.com\/index.php\/wp-json\/wp\/v2\/media\/1182"}],"wp:attachment":[{"href":"https:\/\/sodes-shop.com\/index.php\/wp-json\/wp\/v2\/media?parent=1179"}],"wp:term":[{"taxonomy":"product_cat","embeddable":true,"href":"https:\/\/sodes-shop.com\/index.php\/wp-json\/wp\/v2\/product_cat?post=1179"},{"taxonomy":"product_tag","embeddable":true,"href":"https:\/\/sodes-shop.com\/index.php\/wp-json\/wp\/v2\/product_tag?post=1179"}],"curies":[{"name":"wp","href":"https:\/\/api.w.org\/{rel}","templated":true}]}}