{"id":1069,"date":"2023-02-24T13:10:35","date_gmt":"2023-02-24T13:10:35","guid":{"rendered":"https:\/\/sodes-shop.com\/?post_type=product&#038;p=1069"},"modified":"2023-02-24T13:19:59","modified_gmt":"2023-02-24T13:19:59","slug":"scanner-code-barre-zkb201","status":"publish","type":"product","link":"https:\/\/sodes-shop.com\/index.php\/product\/scanner-code-barre-zkb201\/","title":{"rendered":"SCANNER CODE BARRE ZKB201"},"content":{"rendered":"<div class=\"woocommerce-product-details__short-description\">\n<p><strong>ZKB201<\/strong>\u00a0est\u00a0<strong>Scanner code barre<\/strong>\u00a0\u00e0 balayage bidimensionnel \u00e9conomique avec une int\u00e9gration simple, des performances stables et une vitesse de num\u00e9risation rapide. Il prend \u00e9galement en charge le d\u00e9clenchement manuel et le mode de balayage continu automatique.<\/p>\n<p>La technologie avanc\u00e9e de reconnaissance d\u2019image CMOS, le syst\u00e8me de reconnaissance d\u2019image intelligent et la technologie d\u2019\u00e9clairage brevet\u00e9e sont appliqu\u00e9s. Par cons\u00e9quent, le\u00a0<strong>scanner<\/strong>\u00a0peut lire toutes sortes de\u00a0<strong>codes \u00e0 barres<\/strong> unidimensionnels et bidimensionnels de mani\u00e8re rapide et compl\u00e8te.<\/p>\n<\/div>\n<div class=\"wd-compare-btn product-compare-button wd-action-btn wd-style-text wd-compare-icon\"><\/div>\n","protected":false},"excerpt":{"rendered":"<h3>Principales caract\u00e9ristiques :<\/h3>\n<ul>\n<li>Nom du mod\u00e8le\u00a0<strong>scanner code barre\u00a0:<\/strong>\u00a0<strong>ZKB201<\/strong><\/li>\n<li>Dimensions 175 mm \u00d7 72 mm \u00d7 100 mm<\/li>\n<li>Poids 160g (sans c\u00e2ble)<\/li>\n<li>Longueur du c\u00e2ble 1,8 m<\/li>\n<li>Type d\u2019interface USB standard RJ-45 (pleine vitesse, USB 2.0)<\/li>\n<li>Mat\u00e9riel ABS + PC<\/li>\n<li>Couleur RS-232, noir<\/li>\n<li>Indicateurs utilisateur LED, buzzer<\/li>\n<li>Source lumineuse \u00c9clairage: LED blanche; Mise au point: LED verte; Longueur d\u2019onde: 525 nm<\/li>\n<li>Capteur d\u2019image 640 \u00d7 480 CMOS<\/li>\n<li>Processeur ARM32 bits<\/li>\n<li>Temps de d\u00e9marrage 4s<\/li>\n<li>Capacit\u00e9 analytique 1D: \u22655mil; 2D: \u22658,7 mil, PCS90%<\/li>\n<li>Profondeur de mise au point 5 mil: 50 ~ 130 mm; 13 mil: 50 ~ 270 mm<\/li>\n<li>Mode de num\u00e9risation Num\u00e9risation manuelle, num\u00e9risation automatique<\/li>\n<li>Angle de lecture Rouleau: \u00b1 360 \u00b0; Pas: \u00b1 60 \u00b0 (ou plus); Lacet: \u00b1 70 \u00b0 (ou plus)<\/li>\n<li>Champ de vision Horizontal 40 \u00b0, Vertical 30 \u00b0<\/li>\n<li>Tol\u00e9rance de mouvement 2,3 m \/ s<\/li>\n<li>Puissance 160mA, 5V DC<\/li>\n<li>Niveaux d\u2019\u00e9clairage 70000Lux<\/li>\n<li>Capacit\u00e9s de d\u00e9codage 1D: Codabar, Code39, Code32, Interleaved 2 of 5 (ITF25), Industrial 2 of 5, Matrix 2 of 5, Code93, Code11, Code128, Gs1-128, UPC-A, UPC-E, EAN \/ JAN- 8, EAN \/ JAN-13, ISBN, ISSN, barre de donn\u00e9es GS1, barre de donn\u00e9es GS1 limit\u00e9e, barre de donn\u00e9es GS1 \u00e9tendue 2D: PDF417, Micro PDF417, QR Code, Micro QR, Data Matrix, Aztec<\/li>\n<li>Exploitation temporaire. -20 \u00b0 C \u00e0 55 \u00b0 C<\/li>\n<li>Temp\u00e9rature de stockage -20 \u00b0 C \u00e0 60 \u00b0 C<\/li>\n<li>Humidit\u00e9 relative 5% \u00e0 95% (sans condensation)<\/li>\n<li>Protection IP54<\/li>\n<\/ul>\n","protected":false},"featured_media":1070,"comment_status":"open","ping_status":"closed","template":"","meta":{"_joinchat":[]},"product_cat":[39],"product_tag":[],"_links":{"self":[{"href":"https:\/\/sodes-shop.com\/index.php\/wp-json\/wp\/v2\/product\/1069"}],"collection":[{"href":"https:\/\/sodes-shop.com\/index.php\/wp-json\/wp\/v2\/product"}],"about":[{"href":"https:\/\/sodes-shop.com\/index.php\/wp-json\/wp\/v2\/types\/product"}],"replies":[{"embeddable":true,"href":"https:\/\/sodes-shop.com\/index.php\/wp-json\/wp\/v2\/comments?post=1069"}],"wp:featuredmedia":[{"embeddable":true,"href":"https:\/\/sodes-shop.com\/index.php\/wp-json\/wp\/v2\/media\/1070"}],"wp:attachment":[{"href":"https:\/\/sodes-shop.com\/index.php\/wp-json\/wp\/v2\/media?parent=1069"}],"wp:term":[{"taxonomy":"product_cat","embeddable":true,"href":"https:\/\/sodes-shop.com\/index.php\/wp-json\/wp\/v2\/product_cat?post=1069"},{"taxonomy":"product_tag","embeddable":true,"href":"https:\/\/sodes-shop.com\/index.php\/wp-json\/wp\/v2\/product_tag?post=1069"}],"curies":[{"name":"wp","href":"https:\/\/api.w.org\/{rel}","templated":true}]}}