{"id":1012,"date":"2023-02-24T09:23:31","date_gmt":"2023-02-24T09:23:31","guid":{"rendered":"https:\/\/sodes-shop.com\/?post_type=product&#038;p=1012"},"modified":"2024-12-19T03:41:02","modified_gmt":"2024-12-19T03:41:02","slug":"prise-reseau-ethernet","status":"publish","type":"product","link":"https:\/\/sodes-shop.com\/index.php\/product\/prise-reseau-ethernet\/","title":{"rendered":"Prise R\u00e9seau Ethernet"},"content":{"rendered":"<h5 class=\"cl-blackblue fs-14 lh-18 mtx-14 ff-abp\">Les prises RJ45 vous garantissent un acc\u00e8s \u00e0 un Internet filaire, depuis n\u2019importe quelle pi\u00e8ce, sans vous tenir \u00e0 proximit\u00e9 de la box ADSL ou fibre optique. Concr\u00e8tement, cette derni\u00e8re est reli\u00e9e au coffret de communication, lequel redistribue ensuite Internet \u00e0 l\u2019ensemble des prises RJ 45 du logement.<\/h5>\n","protected":false},"excerpt":{"rendered":"<h3>Principales caract\u00e9ristiques :<\/h3>\n<p>\u2022 Mode de pose : En apparent<br \/>\n\u2022 Type de fixation : A vis<br \/>\n\u2022 Mati\u00e8re du support : Plastique<br \/>\n\u2022 Mati\u00e8re principale : Plastique<br \/>\n\u2022 Finition du produit : Mat<br \/>\n\u2022 Borne automatique : Oui<br \/>\n\u2022 Norme ou label : CE<\/p>\n","protected":false},"featured_media":1013,"comment_status":"open","ping_status":"closed","template":"","meta":{"_joinchat":[]},"product_cat":[41],"product_tag":[],"_links":{"self":[{"href":"https:\/\/sodes-shop.com\/index.php\/wp-json\/wp\/v2\/product\/1012"}],"collection":[{"href":"https:\/\/sodes-shop.com\/index.php\/wp-json\/wp\/v2\/product"}],"about":[{"href":"https:\/\/sodes-shop.com\/index.php\/wp-json\/wp\/v2\/types\/product"}],"replies":[{"embeddable":true,"href":"https:\/\/sodes-shop.com\/index.php\/wp-json\/wp\/v2\/comments?post=1012"}],"wp:featuredmedia":[{"embeddable":true,"href":"https:\/\/sodes-shop.com\/index.php\/wp-json\/wp\/v2\/media\/1013"}],"wp:attachment":[{"href":"https:\/\/sodes-shop.com\/index.php\/wp-json\/wp\/v2\/media?parent=1012"}],"wp:term":[{"taxonomy":"product_cat","embeddable":true,"href":"https:\/\/sodes-shop.com\/index.php\/wp-json\/wp\/v2\/product_cat?post=1012"},{"taxonomy":"product_tag","embeddable":true,"href":"https:\/\/sodes-shop.com\/index.php\/wp-json\/wp\/v2\/product_tag?post=1012"}],"curies":[{"name":"wp","href":"https:\/\/api.w.org\/{rel}","templated":true}]}}